
List the prime factors of 190137635.
5, 37, 191, 5381
What are the prime factors of 4248503853?
3, 11, 47, 2739203
What are the prime factors of 476299714?
2, 11, 19, 1139473
What are the prime factors of 213776347?
199, 1074253
What are the prime factors of 5851851852?
2, 3, 7, 11, 233, 353
What are the prime factors of 121919923?
121919923
What are the prime factors of 157119931?
53, 2964527
What are the prime factors of 988423899?
3, 329474633
List the prime factors of 144728221.
11, 523, 2287
What are the prime factors of 989220306?
2, 3, 113, 1459027
What are the prime factors of 114787591?
1439, 79769
List the prime factors of 2558968956.
2, 3, 47, 311, 1621
List the prime factors of 509623299.
3, 1019, 18523
What are the prime factors of 2806580191?
1103, 2544497
What are the prime factors of 67741709?
7, 29, 37, 311
List the prime factors of 420095016.
2, 3, 11, 19, 27917
List the prime factors of 382662981.
3, 293, 48371
List the prime factors of 245640476.
2, 2113, 29063
What are the prime factors of 1363176232?
2, 11, 15490639
List the prime factors of 4464735256.
2, 3167, 176221
List the prime factors of 814311.
3, 173, 523
What are the prime factors of 362541122?
2, 29, 863, 7243
What are the prime factors of 27081365?
5, 19, 89, 3203
What are the prime factors of 2562604621?
113, 22677917
What are the prime factors of 340304736?
2, 3, 3544841
List the prime factors of 2722262567.
29, 93871123
What are the prime factors of 556190543?
41, 3499, 3877
What are the prime factors of 27487072?
2, 19, 53, 853
List the prime factors of 8304721732.
2, 463, 4484191
What are the prime factors of 2327962248?
2, 3, 53, 203351
What are the prime factors of 3450163202?
2, 41, 139, 421, 719
List the prime factors of 4601490187.
7, 2687, 34949
List the prime factors of 1620808806.
2, 3, 4021, 67181
What are the prime factors of 253782657?
3, 47, 599959
List the prime factors of 101815094.
2, 50907547
List the prime factors of 2973566015.
5, 7, 1459, 58231
What are the prime factors of 2446167203?
2446167203
List the prime factors of 29875909.
7, 31, 37, 61
What are the prime factors of 601500182?
2, 739, 406969
List the prime factors of 76871905.
5, 11, 11551
What are the prime factors of 7217072239?
13, 555159403
List the prime factors of 1148291057.
31, 53, 698899
What are the prime factors of 5009020948?
2, 1252255237
List the prime factors of 1028672773.
11789, 87257
What are the prime factors of 188296610?
2, 5, 18829661
List the prime factors of 110453547.
3, 29, 37, 34313
List the prime factors of 306523503.
3, 11, 13, 37, 41, 157
What are the prime factors of 34564083?
3, 11521361
List the prime factors of 93595711.
11, 443, 19207
List the prime factors of 533108675.
5, 11, 1938577
List the prime factors of 1475855432.
2, 131, 419, 3361
List the prime factors of 1075777686.
2, 3, 31, 214213
List the prime factors of 114419108.
2, 1153, 24809
What are the prime factors of 861524830?
2, 5, 73, 1180171
What are the prime factors of 1250837210?
2, 5, 7, 2552729
List the prime factors of 209430931.
53, 787, 5021
List the prime factors of 2966512263.
3, 11, 13, 531919
What are the prime factors of 58133346?
2, 3, 131, 73961
What are the prime factors of 3017976880?
2, 5, 53, 113, 6299
What are the prime factors of 21339599?
21339599
List the prime factors of 52175963.
7, 7453709
What are the prime factors of 1472583325?
5, 58903333
List the prime factors of 4099645538.
2, 463, 4427263
What are the prime factors of 75612467?
7, 3121, 3461
What are the prime factors of 96427784?
2, 29, 227, 1831
What are the prime factors of 59265669?
3, 19755223
List the prime factors of 14118946.
2, 137, 227
List the prime factors of 499228782.
2, 3, 13, 6400369
List the prime factors of 329429546.
2, 283, 582031
What are the prime factors of 625303402?
2, 193, 1619957
List the prime factors of 29346393.
3, 19, 83, 6203
List the prime factors of 100147795.
5, 11, 1820869
What are the prime factors of 44352061?
13, 19, 179563
What are the prime factors of 2305781624?
2, 288222703
List the prime factors of 1353839084.
2, 13, 26035367
What are the prime factors of 6656512592?
2, 19, 73, 299951
List the prime factors of 83657725.
5, 3346309
List the prime factors of 3111282059.
23, 135273133
What are the prime factors of 3639036133?
17, 6481, 33029
What are the prime factors of 242010592?
2, 7562831
What are the prime factors of 1523752923?
3, 7, 11, 167, 39499
What are the prime factors of 298769183?
409, 730487
List the prime factors of 3855915839.
3855915839
List the prime factors of 1068728907.
3, 1039, 342871
What are the prime factors of 139681925?
5, 5587277
What are the prime factors of 40267594?
2, 17, 359, 3299
What are the prime factors of 4003537565?
5, 1373, 583181
What are the prime factors of 3969586?
2, 1984793
List the prime factors of 220415806.
2, 13, 47, 317, 569
List the prime factors of 223633764.
2, 3, 139, 14897
What are the prime factors of 2100062082?
2, 3, 9719, 36013
What are the prime factors of 2697057347?
229, 11777543
List the prime factors of 1538581528.
2, 11, 61, 443, 647
List the prime factors of 2275383397.
7, 325054771
List the prime factors of 46973156.
2, 29, 404941
List the prime factors of 139274800.
2, 5, 7, 49741
List the prime factors of 142978364.
2, 17, 2102623
What are the prime factors of 933117043?
1103, 845981
What are the prime factors of 3501415454?
2, 1039, 1684993
List the prime factors of 43070524.
2, 7, 1538233
List the prime factors of 2052952675.
5, 82118107
List the prime factors of 1482515713.
7, 71, 2982929
What are the prime factors of 4994012786?
2, 7, 17, 20983247
List the prime factors of 27324068.
2, 89, 76753
What are the prime factors of 111902485?
5, 22380497
List the prime factors of 1245202626.
2, 3, 6203, 33457
What are the prime factors of 48084964?
2, 41, 293201
What are the prime factors of 2215687909?
37, 5569, 10753
What are the prime factors of 331125811?
331125811
What are the prime factors of 330234420?
2, 3, 5, 5503907
What are the prime factors of 1263346666?
2, 13931, 45343
What are the prime factors of 82826356?
2, 20706589
List the prime factors of 5285209240.
2, 5, 67, 1972093
What are the prime factors of 7914093?
3, 11, 23, 10427
List the prime factors of 82794168.
2, 3, 1149919
List the prime factors of 124243405.
5, 11, 13, 15797
What are the prime factors of 36740139?
3, 233, 52561
What are the prime factors of 4158087937?
1373, 3028469
List the prime factors of 5456251.
107, 50993
List the prime factors of 60902554.
2, 409, 74453
List the prime factors of 1666650200.
2, 5, 37, 225223
What are the prime factors of 89202493?
101, 883193
List the prime factors of 41896067.
199, 210533
What are the prime factors of 1534221909?
3, 11, 37, 418843
List the prime factors of 193518762.
2, 3, 19, 1697533
List the prime factors of 687709648.
2, 503, 85451
What are the prime factors of 1046993847?
3, 37, 97, 97241
List the prime factors of 3326187732.
2, 3, 7, 4261, 9293
What are the prime factors of 244578272?
2, 977, 7823
What are the prime factors of 556005730?
2, 5, 7, 109, 72871
List the prime factors of 481399037.
7, 1019, 67489
What are the prime factors of 170073770?
2, 5, 17007377
What are the prime factors of 245138416?
2, 23, 751, 887
List the prime factors of 280565913.
3, 19, 557, 8837
What are the prime factors of 4782065946?
2, 3, 7, 113858713
What are the prime factors of 112181347?
379, 295993
List the prime factors of 16182440.
2, 5, 137, 2953
What are the prime factors of 262907140?
2, 5, 13145357
What are the prime factors of 256273796?
2, 2011, 31859
List the prime factors of 2476760999.
43, 57599093
What are the prime factors of 47954461?
19, 41, 61559
List the prime factors of 31444960.
2, 5, 149, 1319
List the prime factors of 6425374965.
3, 5, 428358331
List the prime factors of 96965458.
2, 31, 1563959
What are the prime factors of 71945936?
2, 101, 211
List the prime factors of 13432781.
13432781
What are the prime factors of 391040613?
3, 17, 59, 43319
What are the prime factors of 97603380?
2, 3, 5, 7, 19, 151
List the prime factors of 1136660775.
3, 5, 653, 23209
What are the prime factors of 1273842876?
2, 3, 106153573
What are the prime factors of 1